t common factor of 1039731 and 543851?
539
Calculate the greatest common factor of 14643704 and 1834.
262
Calculate the highest common divisor of 2373785 and 585.
5
What is the greatest common factor of 1821 and 998711061?
1821
Calculate the greatest common factor of 40 and 1930985.
5
Calculate the greatest common divisor of 1055562 and 690.
138
What is the greatest common factor of 530 and 23522195?
265
What is the highest common factor of 204424149 and 111?
111
Calculate the highest common factor of 4465 and 607387345.
4465
Calculate the greatest common divisor of 776 and 28008.
8
Calculate the greatest common factor of 648701 and 7424.
29
Calculate the greatest common divisor of 33 and 64741402.
11
What is the highest common divisor of 813 and 70530189?
813
What is the highest common divisor of 47725 and 66981?
83
Calculate the greatest common divisor of 24351029 and 94.
47
Calculate the highest common divisor of 1427 and 796307383.
1427
Calculate the greatest common factor of 24017 and 79900.
47
What is the greatest common divisor of 2616 and 14449040?
872
What is the greatest common divisor of 14630352 and 912?
48
Calculate the greatest common divisor of 40 and 964280.
40
Calculate the highest common factor of 56429 and 10235293.
773
What is the highest common factor of 80 and 2919610?
10
Calculate the highest common divisor of 756 and 804564432.
252
What is the highest common factor of 29129228 and 1088?
68
Calculate the highest common factor of 158526 and 14247.
9
Calculate the highest common divisor of 1441 and 91773.
11
Calculate the highest common factor of 4410 and 961478.
98
What is the greatest common factor of 5859893 and 52?
13
Calculate the greatest common factor of 1245425 and 75950.
775
What is the highest common factor of 40 and 998215?
5
What is the greatest common divisor of 125958 and 69566?
14
Calculate the greatest common factor of 6540 and 15488355.
1635
What is the greatest common factor of 5070890 and 176?
22
What is the greatest common divisor of 374374 and 5950?
238
Calculate the greatest common divisor of 52 and 78731822.
26
What is the highest common factor of 909 and 2594367?
9
Calculate the greatest common divisor of 429 and 2694417.
33
Calculate the highest common divisor of 345195 and 540.
135
What is the greatest common divisor of 2275 and 13483925?
2275
Calculate the greatest common divisor of 13747076 and 112.
28
What is the greatest common factor of 771338554 and 6482?
6482
Calculate the highest common divisor of 869621 and 7.
1
Calculate the highest common factor of 5797 and 5384731.
341
Calculate the highest common factor of 264642 and 21.
21
What is the highest common factor of 79666 and 430172?
122
What is the greatest common factor of 3373128501 and 19?
19
What is the greatest common factor of 107628080 and 70?
70
What is the greatest common factor of 805 and 1870981?
161
Calculate the greatest common divisor of 181975 and 493.
29
Calculate the greatest common divisor of 2650 and 6051750.
50
Calculate the highest common divisor of 17798 and 12429476.
1618
What is the greatest common divisor of 102581 and 30455759?
5399
What is the greatest common factor of 324993 and 92583?
381
Calculate the greatest common divisor of 89191644 and 978.
978
What is the highest common factor of 100747710 and 43?
43
What is the highest common factor of 1759640 and 70?
10
Calculate the highest common divisor of 16128 and 1674288.
1008
Calculate the greatest common divisor of 31157208 and 696.
24
Calculate the greatest common factor of 141734962 and 998.
998
What is the highest common divisor of 477927 and 200880?
837
What is the highest common divisor of 4224 and 20288?
64
Calculate the greatest common divisor of 709243 and 1873447.
443
Calculate the highest common divisor of 46885031 and 6681.
2227
What is the greatest common factor of 318820 and 4487811?
839
Calculate the highest common divisor of 462960 and 720.
720
What is the highest common divisor of 98151878 and 22?
22
What is the highest common divisor of 1332256 and 9952?
32
What is the greatest common factor of 7145712 and 1701?
189
Calculate the highest common divisor of 50418 and 2934.
18
What is the highest common factor of 131217 and 28841?
191
What is the highest common divisor of 33 and 12406064?
11
Calculate the highest common factor of 42274 and 126661.
23
Calculate the highest common divisor of 504 and 17851134.
42
What is the greatest common factor of 8634281 and 699?
233
What is the highest common factor of 1232378 and 4294?
4294
Calculate the greatest common divisor of 476 and 9328410.
238
What is the greatest common factor of 35 and 8835680?
35
Calculate the greatest common divisor of 30960 and 49543740.
7740
What is the highest common divisor of 34113690 and 945?
135
Calculate the highest common divisor of 2448 and 11234934.
18
What is the highest common factor of 9147656 and 24?
8
Calculate the greatest common factor of 34040936 and 51.
17
What is the highest common factor of 1728 and 3753000?
216
Calculate the highest common factor of 44 and 226534.
22
What is the highest common divisor of 1790 and 100955105?
895
What is the highest common factor of 270794 and 2698?
142
What is the highest common factor of 2184396 and 1276?
116
Calculate the greatest common factor of 30 and 147372350.
10
Calculate the greatest common factor of 68 and 10372023.
17
Calculate the greatest common factor of 99517 and 20071392.
913
What is the highest common factor of 10 and 46211590?
10
Calculate the highest common divisor of 2777031 and 58680.
1467
What is the greatest common factor of 14726361 and 78?
39
What is the greatest common divisor of 209862402 and 4986?
1662
Calculate the greatest common divisor of 27105856 and 1216.
1216
Calculate the greatest common factor of 42186 and 38253459.
237
Calculate the highest common factor of 13126740 and 1155.
165
Calculate the highest common divisor of 326613 and 4968957.
3171
What is the greatest common divisor of 109175014 and 338?
338
Calculate the greatest common divisor of 90129905 and 30.
5
Calculate the greatest common factor of 19 and 85143427.
19
Calculate the greatest common divisor of 1310205 and 11115.
195
Calculate the highest common factor of 8673 and 56932463.
2891
What is the highest common divisor of 99 and 299920716?
9
Calculate the greatest common factor of 518282 and 3420836.
874
What is the greatest common factor of 1638 and 6113835?
819
Calculate the highest common divisor of 5002 and 5094537.
2501
Calculate the greatest common factor of 799788 and 1013386.
1606
Calculate the highest common factor of 26567 and 13857.
31
What is the greatest common factor of 21 and 625678?
1
Calculate the highest common factor of 1216 and 38944.
32
Calculate the highest common factor of 34852747 and 86.
43
Calculate the greatest common factor of 2718 and 1983331395.
1359
Calculate the greatest common divisor of 826 and 816206.
118
What is the highest common divisor of 119900122 and 1052?
526
What is the greatest common divisor of 35321355 and 180?
45
Calculate the greatest common factor of 25489 and 162945.
71
Calculate the greatest common factor of 3239 and 116406421.
3239
Calculate the greatest common factor of 6831 and 4746027.
759
Calculate the highest common factor of 57465071 and 172.
43
What is the highest common divisor of 674548 and 196?
28
What is the highest common divisor of 72822817 and 733?
733
Calculate the highest common factor of 586155 and 20535.
15
What is the greatest common factor of 20 and 241647220?
20
What is the greatest common factor of 339486 and 426618?
822
What is the highest common factor of 6126306 and 2430827?
5183
What is the highest common divisor of 297 and 416658?
33
What is the highest common divisor of 990662689 and 3727?
3727
Calculate the highest common factor of 54 and 551640726.
54
What is the greatest common divisor of 105251265 and 4546?
2273
Calculate the highest common factor of 13533 and 16915002.
39
Calculate the highest common divisor of 218295 and 2606499.
567
What is the highest common factor of 261 and 180201795?
87
Calculate the highest common divisor of 395511792 and 624.
624
What is the highest common factor of 248 and 187372432?
248
What is the greatest common